{"id":11,"date":"2021-01-21T14:50:13","date_gmt":"2021-01-21T13:50:13","guid":{"rendered":"http:\/\/grainsdselgrainsdimage.local\/?page_id=11"},"modified":"2021-04-24T13:14:45","modified_gmt":"2021-04-24T11:14:45","slug":"grace-a-eux","status":"publish","type":"page","link":"https:\/\/grainsdselgrainsdimage.fr\/?page_id=11","title":{"rendered":"Gr\u00e2ce \u00e0 eux&#8230;"},"content":{"rendered":"\t\t<div data-elementor-type=\"wp-post\" data-elementor-id=\"11\" class=\"elementor elementor-11\" data-elementor-post-type=\"page\">\n\t\t\t\t\t\t<section class=\"elementor-section elementor-top-section elementor-element elementor-element-9eda1d9 elementor-section-boxed elementor-section-height-default elementor-section-height-default\" data-id=\"9eda1d9\" data-element_type=\"section\" data-e-type=\"section\">\n\t\t\t\t\t\t<div class=\"elementor-container elementor-column-gap-default\">\n\t\t\t\t\t<div class=\"elementor-column elementor-col-100 elementor-top-column elementor-element elementor-element-7b0e26d\" data-id=\"7b0e26d\" data-element_type=\"column\" data-e-type=\"column\">\n\t\t\t<div class=\"elementor-widget-wrap elementor-element-populated\">\n\t\t\t\t\t\t<div class=\"elementor-element elementor-element-471b974 elementor-widget elementor-widget-text-editor\" data-id=\"471b974\" data-element_type=\"widget\" data-e-type=\"widget\" data-widget_type=\"text-editor.default\">\n\t\t\t\t<div class=\"elementor-widget-container\">\n\t\t\t\t\t\t\t\t\t<h3 style=\"text-align: center;\">Je tiens \u00e0 remercier tous ceux qui m&rsquo;ont aid\u00e9 \u00e0 r\u00e9aliser ces images-recettes&#8230;<\/h3><p style=\"text-align: center;\">Je sais,\u00a0 je vais s\u00fbrement oublier quelqu&rsquo;un et j&rsquo;esp\u00e8re qu&rsquo;il ne m&rsquo;en tiendra pas rigueur&#8230;<\/p><p style=\"text-align: center;\">Jacques M. &#8211; Jacqueline M. &#8211; Fr\u00e9d\u00e9ric A.\u00a0<span style=\"color: var( --e-global-color-text ); font-size: 1rem;\">\u00a0<\/span><span style=\"color: var( --e-global-color-text ); font-size: 1rem;\">&#8211; Fr\u00e9d\u00e9ric L. &#8211; Eric T. &#8211; Thierry B. &#8211; Benoit M.\u00a0<\/span><\/p><p>Mathieu F. &#8211; C\u00e9cile F. &#8211; Fran\u00e7oise A. &#8211; Benjamin A. &#8211; Myriam D. &#8211; V\u00e9ronique B. &#8211; H\u00e9l\u00e8ne H. &#8211; Carlo I. Pierre-Antoine Q. &#8230;<\/p>\t\t\t\t\t\t\t\t<\/div>\n\t\t\t\t<\/div>\n\t\t\t\t\t<\/div>\n\t\t<\/div>\n\t\t\t\t\t<\/div>\n\t\t<\/section>\n\t\t\t\t<\/div>\n\t\t","protected":false},"excerpt":{"rendered":"<p>Je tiens \u00e0 remercier tous ceux qui m&rsquo;ont aid\u00e9 \u00e0 r\u00e9aliser ces images-recettes&#8230; Je sais,\u00a0 je vais s\u00fbrement oublier quelqu&rsquo;un et j&rsquo;esp\u00e8re qu&rsquo;il ne m&rsquo;en tiendra pas rigueur&#8230; Jacques M. &#8211; Jacqueline M. &#8211; Fr\u00e9d\u00e9ric A.\u00a0\u00a0&#8211; Fr\u00e9d\u00e9ric L. &#8211; Eric T. &#8211; Thierry B. &#8211; Benoit M.\u00a0 Mathieu F. &#8211; C\u00e9cile F. &#8211; Fran\u00e7oise A. [&hellip;]<\/p>\n","protected":false},"author":1,"featured_media":0,"parent":0,"menu_order":0,"comment_status":"closed","ping_status":"closed","template":"","meta":{"site-sidebar-layout":"no-sidebar","site-content-layout":"page-builder","ast-site-content-layout":"default","site-content-style":"default","site-sidebar-style":"default","ast-global-header-display":"","ast-banner-title-visibility":"","ast-main-header-display":"","ast-hfb-above-header-display":"","ast-hfb-below-header-display":"","ast-hfb-mobile-header-display":"","site-post-title":"disabled","ast-breadcrumbs-content":"","ast-featured-img":"disabled","footer-sml-layout":"","ast-disable-related-posts":"","theme-transparent-header-meta":"default","adv-header-id-meta":"","stick-header-meta":"","header-above-stick-meta":"","header-main-stick-meta":"","header-below-stick-meta":"","astra-migrate-meta-layouts":"default","ast-page-background-enabled":"default","ast-page-background-meta":{"desktop":{"background-color":"","background-image":"","background-repeat":"repeat","background-position":"center center","background-size":"auto","background-attachment":"scroll","background-type":"","background-media":"","overlay-type":"","overlay-color":"","overlay-opacity":"","overlay-gradient":""},"tablet":{"background-color":"","background-image":"","background-repeat":"repeat","background-position":"center center","background-size":"auto","background-attachment":"scroll","background-type":"","background-media":"","overlay-type":"","overlay-color":"","overlay-opacity":"","overlay-gradient":""},"mobile":{"background-color":"","background-image":"","background-repeat":"repeat","background-position":"center center","background-size":"auto","background-attachment":"scroll","background-type":"","background-media":"","overlay-type":"","overlay-color":"","overlay-opacity":"","overlay-gradient":""}},"ast-content-background-meta":{"desktop":{"background-color":"var(--ast-global-color-5)","background-image":"","background-repeat":"repeat","background-position":"center center","background-size":"auto","background-attachment":"scroll","background-type":"","background-media":"","overlay-type":"","overlay-color":"","overlay-opacity":"","overlay-gradient":""},"tablet":{"background-color":"var(--ast-global-color-5)","background-image":"","background-repeat":"repeat","background-position":"center center","background-size":"auto","background-attachment":"scroll","background-type":"","background-media":"","overlay-type":"","overlay-color":"","overlay-opacity":"","overlay-gradient":""},"mobile":{"background-color":"var(--ast-global-color-5)","background-image":"","background-repeat":"repeat","background-position":"center center","background-size":"auto","background-attachment":"scroll","background-type":"","background-media":"","overlay-type":"","overlay-color":"","overlay-opacity":"","overlay-gradient":""}},"footnotes":""},"class_list":["post-11","page","type-page","status-publish","hentry"],"_links":{"self":[{"href":"https:\/\/grainsdselgrainsdimage.fr\/index.php?rest_route=\/wp\/v2\/pages\/11","targetHints":{"allow":["GET"]}}],"collection":[{"href":"https:\/\/grainsdselgrainsdimage.fr\/index.php?rest_route=\/wp\/v2\/pages"}],"about":[{"href":"https:\/\/grainsdselgrainsdimage.fr\/index.php?rest_route=\/wp\/v2\/types\/page"}],"author":[{"embeddable":true,"href":"https:\/\/grainsdselgrainsdimage.fr\/index.php?rest_route=\/wp\/v2\/users\/1"}],"replies":[{"embeddable":true,"href":"https:\/\/grainsdselgrainsdimage.fr\/index.php?rest_route=%2Fwp%2Fv2%2Fcomments&post=11"}],"version-history":[{"count":17,"href":"https:\/\/grainsdselgrainsdimage.fr\/index.php?rest_route=\/wp\/v2\/pages\/11\/revisions"}],"predecessor-version":[{"id":1977,"href":"https:\/\/grainsdselgrainsdimage.fr\/index.php?rest_route=\/wp\/v2\/pages\/11\/revisions\/1977"}],"wp:attachment":[{"href":"https:\/\/grainsdselgrainsdimage.fr\/index.php?rest_route=%2Fwp%2Fv2%2Fmedia&parent=11"}],"curies":[{"name":"wp","href":"https:\/\/api.w.org\/{rel}","templated":true}]}}