{"id":1788,"date":"2021-02-27T14:02:10","date_gmt":"2021-02-27T13:02:10","guid":{"rendered":"https:\/\/grainsdselgrainsdimage.fr\/?page_id=1788"},"modified":"2021-04-24T13:35:51","modified_gmt":"2021-04-24T11:35:51","slug":"une-image-une-recette","status":"publish","type":"page","link":"https:\/\/grainsdselgrainsdimage.fr\/?page_id=1788","title":{"rendered":"&#8230;une image, une recette !"},"content":{"rendered":"\t\t<div data-elementor-type=\"wp-post\" data-elementor-id=\"1788\" class=\"elementor elementor-1788\" data-elementor-post-type=\"page\">\n\t\t\t\t\t\t<section class=\"elementor-section elementor-top-section elementor-element elementor-element-9eda1d9 elementor-section-boxed elementor-section-height-default elementor-section-height-default\" data-id=\"9eda1d9\" data-element_type=\"section\" data-e-type=\"section\">\n\t\t\t\t\t\t<div class=\"elementor-container elementor-column-gap-default\">\n\t\t\t\t\t<div class=\"elementor-column elementor-col-100 elementor-top-column elementor-element elementor-element-7b0e26d\" data-id=\"7b0e26d\" data-element_type=\"column\" data-e-type=\"column\">\n\t\t\t<div class=\"elementor-widget-wrap elementor-element-populated\">\n\t\t\t\t\t\t<div class=\"elementor-element elementor-element-471b974 elementor-widget elementor-widget-text-editor\" data-id=\"471b974\" data-element_type=\"widget\" data-e-type=\"widget\" data-widget_type=\"text-editor.default\">\n\t\t\t\t<div class=\"elementor-widget-container\">\n\t\t\t\t\t\t\t\t\t<p align=\"JUSTIFY\"><span style=\"color: #000000;\"><span style=\"font-family: Arial, sans-serif;\"><span style=\"font-size: medium;\">Petit pr\u00e9ambule : <\/span><\/span><\/span><span style=\"color: #000000;\"><span style=\"font-family: Arial, sans-serif;\"><span style=\"font-size: medium;\">le mot \u00ab photographie \u00bb fut imagin\u00e9 au XIX<sup>\u00e8me<\/sup> si\u00e8cle par John Herschel, scientifique et astronome britannique. Il se compose de deux racines d&rsquo;origine grecque. Le pr\u00e9fixe \u00ab photo \u00bb (lumi\u00e8re, clart\u00e9) : qui proc\u00e8de de la lumi\u00e8re, qui utilise la lumi\u00e8re ; et le suffixe \u00ab graphie \u00bb (graphein : peindre, dessiner, \u00e9crire) : qui \u00e9crit, qui aboutit \u00e0 une image. Il s\u2019agit donc de \u00ab peindre avec la lumi\u00e8re \u00bb. Pr\u00e9cis\u00e9ment : La lumi\u00e8re&#8230; Nous y voil\u00e0. <\/span><\/span><\/span><\/p><p align=\"JUSTIFY\"><span style=\"color: #000000;\"><span style=\"font-family: Arial, sans-serif;\"><span style=\"font-size: medium;\">Form\u00e9 \u00e0 l&rsquo;\u00e9cole des M\u00e9tiers de l&rsquo;Image des Gobelins, j&rsquo;ai cr\u00e9\u00e9 et d\u00e9velopp\u00e9 un studio de photographie sp\u00e9cialis\u00e9 dans la nature morte, en particulier le domaine culinaire. L&rsquo;illustration de recettes, les mises en sc\u00e8ne alimentaires sont ainsi devenues mon quotidien&#8230;<\/span><\/span><\/span><\/p><p align=\"JUSTIFY\"><span style=\"color: #000000;\"><span style=\"font-family: Arial, sans-serif;\"><span style=\"font-size: medium;\"> La vue est le premier sens utilis\u00e9 pour appr\u00e9hender une illustration de recette. L&rsquo;imaginaire fait appel aux souvenirs, puis donne corps aux saveurs. Le texte trace la voie pour la mise en forme. Les autres sens entrent en action&#8230; Vous d\u00e9veloppez la suite !<\/span><\/span><\/span><\/p>\t\t\t\t\t\t\t\t<\/div>\n\t\t\t\t<\/div>\n\t\t\t\t\t<\/div>\n\t\t<\/div>\n\t\t\t\t\t<\/div>\n\t\t<\/section>\n\t\t\t\t<\/div>\n\t\t","protected":false},"excerpt":{"rendered":"<p>Petit pr\u00e9ambule : le mot \u00ab photographie \u00bb fut imagin\u00e9 au XIX\u00e8me si\u00e8cle par John Herschel, scientifique et astronome britannique. Il se compose de deux racines d&rsquo;origine grecque. Le pr\u00e9fixe \u00ab photo \u00bb (lumi\u00e8re, clart\u00e9) : qui proc\u00e8de de la lumi\u00e8re, qui utilise la lumi\u00e8re ; et le suffixe \u00ab graphie \u00bb (graphein : peindre, [&hellip;]<\/p>\n","protected":false},"author":1,"featured_media":0,"parent":0,"menu_order":0,"comment_status":"closed","ping_status":"closed","template":"","meta":{"site-sidebar-layout":"no-sidebar","site-content-layout":"page-builder","ast-site-content-layout":"default","site-content-style":"default","site-sidebar-style":"default","ast-global-header-display":"","ast-banner-title-visibility":"","ast-main-header-display":"","ast-hfb-above-header-display":"","ast-hfb-below-header-display":"","ast-hfb-mobile-header-display":"","site-post-title":"disabled","ast-breadcrumbs-content":"","ast-featured-img":"disabled","footer-sml-layout":"","ast-disable-related-posts":"","theme-transparent-header-meta":"default","adv-header-id-meta":"","stick-header-meta":"","header-above-stick-meta":"","header-main-stick-meta":"","header-below-stick-meta":"","astra-migrate-meta-layouts":"default","ast-page-background-enabled":"default","ast-page-background-meta":{"desktop":{"background-color":"","background-image":"","background-repeat":"repeat","background-position":"center center","background-size":"auto","background-attachment":"scroll","background-type":"","background-media":"","overlay-type":"","overlay-color":"","overlay-opacity":"","overlay-gradient":""},"tablet":{"background-color":"","background-image":"","background-repeat":"repeat","background-position":"center center","background-size":"auto","background-attachment":"scroll","background-type":"","background-media":"","overlay-type":"","overlay-color":"","overlay-opacity":"","overlay-gradient":""},"mobile":{"background-color":"","background-image":"","background-repeat":"repeat","background-position":"center center","background-size":"auto","background-attachment":"scroll","background-type":"","background-media":"","overlay-type":"","overlay-color":"","overlay-opacity":"","overlay-gradient":""}},"ast-content-background-meta":{"desktop":{"background-color":"var(--ast-global-color-5)","background-image":"","background-repeat":"repeat","background-position":"center center","background-size":"auto","background-attachment":"scroll","background-type":"","background-media":"","overlay-type":"","overlay-color":"","overlay-opacity":"","overlay-gradient":""},"tablet":{"background-color":"var(--ast-global-color-5)","background-image":"","background-repeat":"repeat","background-position":"center center","background-size":"auto","background-attachment":"scroll","background-type":"","background-media":"","overlay-type":"","overlay-color":"","overlay-opacity":"","overlay-gradient":""},"mobile":{"background-color":"var(--ast-global-color-5)","background-image":"","background-repeat":"repeat","background-position":"center center","background-size":"auto","background-attachment":"scroll","background-type":"","background-media":"","overlay-type":"","overlay-color":"","overlay-opacity":"","overlay-gradient":""}},"footnotes":""},"class_list":["post-1788","page","type-page","status-publish","hentry"],"_links":{"self":[{"href":"https:\/\/grainsdselgrainsdimage.fr\/index.php?rest_route=\/wp\/v2\/pages\/1788","targetHints":{"allow":["GET"]}}],"collection":[{"href":"https:\/\/grainsdselgrainsdimage.fr\/index.php?rest_route=\/wp\/v2\/pages"}],"about":[{"href":"https:\/\/grainsdselgrainsdimage.fr\/index.php?rest_route=\/wp\/v2\/types\/page"}],"author":[{"embeddable":true,"href":"https:\/\/grainsdselgrainsdimage.fr\/index.php?rest_route=\/wp\/v2\/users\/1"}],"replies":[{"embeddable":true,"href":"https:\/\/grainsdselgrainsdimage.fr\/index.php?rest_route=%2Fwp%2Fv2%2Fcomments&post=1788"}],"version-history":[{"count":9,"href":"https:\/\/grainsdselgrainsdimage.fr\/index.php?rest_route=\/wp\/v2\/pages\/1788\/revisions"}],"predecessor-version":[{"id":1986,"href":"https:\/\/grainsdselgrainsdimage.fr\/index.php?rest_route=\/wp\/v2\/pages\/1788\/revisions\/1986"}],"wp:attachment":[{"href":"https:\/\/grainsdselgrainsdimage.fr\/index.php?rest_route=%2Fwp%2Fv2%2Fmedia&parent=1788"}],"curies":[{"name":"wp","href":"https:\/\/api.w.org\/{rel}","templated":true}]}}